4*o**2 + 2*o - 7. Let a be z(3). Let x(g) = g - 7. Calculate x(a).
1
Suppose -4*s - 12 = -5*c, -2*s - 5*c - 6 = -0*s. Let b(i) = -i**2 + 4. Give b(s).
-5
Suppose -11*g = -14*g + 201. Let n(q) = -5 + 4 + 3 - 68*q + g*q. Determine n(-4).
6
Let q(z) = -205*z + 1 + 415*z - 211*z. Suppose 0 = 5*g + 1 + 19. What is q(g)?
5
Let n(p) = p**2 + p - 4. Let k(o) = -o**2 + 17*o - 20. Let w be k(17). Let h = 25 + w. Suppose 4*l - q - q = -6, 3*l - 6 = h*q. Calculate n(l).
2
Let q(a) = -3*a**3 + 2*a**2 - a. Let s be q(1). Let k be 5*(8/(-5))/s. Let t(f) be the second derivative of f**3/6 - 5*f**2/2 - 203*f. What is t(k)?
-1
Let v(t) = t**3 + 9*t**2 + 5*t - 11. Let f = 325 + -228. Suppose 9*m - 25 = -f. Determine v(m).
13
Let g(f) be the third derivative of f**5/60 - f**4/24 - f**3/6 + 7*f**2. Suppose 0 = 15*b - 17*b + 8. Determine g(b).
11
Let a(r) = -r**2 - 100*r - 292. Let n be a(-3). Let v(y) = 16*y**3 + y**2 - 2*y - 2. Determine v(n).
-15
Let h(t) = -5*t. Suppose 0*k = 2*k - 8. Suppose -3*i + 2 = -b, 4*b + k = 2*b - 2*i. What is h(b)?
10
Let n(l) = -3*l**3 + 16*l**2 - 20*l + 26. Let q(u) = 5*u**3 - 31*u**2 + 38*u - 50. Let t(p) = 7*n(p) + 4*q(p). Calculate t(-13).
-5
Let k(m) = -m + 5. Let g be k(2). Suppose g*t - 12 = -l, 3*t - 3*l + 3 = t. Let n(p) = -p - 4. Give n(t).
-7
Let v(q) = 3*q - 4. Let t = 2 - -1. Suppose 0 = -11*h + 16*h. Let f = h + t. What is v(f)?
5
Let g(k) = 0*k - 3*k + 2*k**2 - 3*k**2. Let v(c) be the third derivative of c**4/24 - 19*c**3/6 - 21*c**2. Let f be v(14). Give g(f).
-10
Suppose 6 = 2*v + l, 5*l - 2*l = 5*v + 7. Let x be -1 + -2 + v + -2. Let h(n) = 3671 + 4*n**2 - 1826 - 1845 + n**3 + n. Determine h(x).
-4
Let f(i) = i**2 + 10*i - 2. Suppose 24*y + 8 = 28*y. Suppose -4*o + 4*h = 27 + 21, 54 = -5*o + y*h. Calculate f(o).
-2
Let w(h) = 2*h**2 - 2*h - 21. Let d be w(-5). Suppose -d = 6*q - 3. Let c(b) = b + 1. Give c(q).
-5
Let r be (306/99)/(-17) + (-158)/(-22). Let p(f) = f**2 + f - 4. Let l be p(-3). Let n(o) = -4*o**2 + o**2 - 6*o - 5 + 4*o**l. Give n(r).
2
Suppose 0 = -0*i + 8*i + 24. Let m(y) = -3*y - 8. Let o be m(i). Let u(b) = -1. Let k(s) = -5*s - 7. Let h(r) = k(r) - 6*u(r). Determine h(o).
-6
Let u(s) = -11 - 2 + 29*s**2 - 9*s**2 + 21*s - 21*s**2 + 1. Give u(21).
-12
Let c(n) = -4*n**3 + 3*n**3 - 3*n - n**3 - 1 - 5*n**2. Let x(t) = 16*t**3 + 6*t - 5. Let w be x(1). Suppose 3*v + 3*j + w = 5*j, 4*v = -j - 8. Give c(v).
17
Let j be (24/(-3) + 6)*(-6)/(-4). Let t(i) = -i**3 - 4*i**2 - 5*i - 4. Let g be t(j). Let r(k) = -2*k**3 + k**2 + 3*k - 3. Calculate r(g).
-9
Let u(m) = -m**3 - 8*m**2 + m + 3. Let y(o) = -5*o**3 - 42*o**2 + 5*o + 16. Let t(i) = -11*u(i) + 2*y(i). Determine t(3).
59
Let r(g) be the third derivative of -g**6/120 + g**5/15 + g**3/6 - 261*g**2 + 2. Calculate r(3).
10
Let o(l) = 6 - l + 3 - 23 + 7. Let v = -27 - -20. Calculate o(v).
0
Let y = -37 + 37. Let u(t) = -4*t**2 - t + 2 + 6*t**2 - t**2. What is u(y)?
2
Let s(r) = 2 + 15*r + r**2 - 11*r - 6*r + r**3. Suppose 0*w = 3*i - 2*w + 1, -3*i + 3 = -3*w. Calculate s(i).
-10
Let b(k) = -9*k**2 + 1. Let m be 12/6*(2/(-2))/(-1). Suppose -m*d + 8*d + 6 = 0. What is b(d)?
-8
Let m(q) = 5*q + 6. Let k(g) = g - 2057 + 1031 + 1028. Let u(c) = -6*k(c) + m(c). Suppose 36 = -4*o + 2*s, -4*o + o - 33 = -3*s. Give u(o).
1
Let o = 1051 - 4203/4. Let w(f) be the first derivative of 0*f**2 - o*f**4 + 8/3*f**3 + 3 - 3*f. Calculate w(8).
-3
Suppose l = -2*j - 17, -2*j + 12*l - 27 = 15*l. Let h(f) = -4*f. Calculate h(j).
24
Let r(d) = d**2 - 1. Let p(x) = -5*x**3 + 7*x**2 - 5. Let i(z) = p(z) - 5*r(z). What is i(2)?
-32
Let o(y) = y**2 - 6*y - 8. Let d = 45 + 22. Let x = -61 + d. Give o(x).
-8
Let b(s) = 3*s + 2*s - 3*s. Let w = 3537 - 3541. Calculate b(w).
-8
Suppose 5*k = -2*s + 85, -5*s - k + 48 + 107 = 0. Let x(v) = -2*v**2 + 58*v + 54. Determine x(s).
-6
Let x(d) be the second derivative of -d**7/840 + d**6/72 - d**5/120 - d**4/24 - 7*d**3/2 + 23*d. Let v(p) be the second derivative of x(p). Calculate v(5).
-6
Let t = 7 - 4. Let k be (-18)/6 + (t - -1). Let c(f) = 5*f**2 + 0 + 0*f - 2*f + 0 + k. Calculate c(1).
4
Let h(p) = 7*p - 96. Let w be h(14). Let s(g) = -4*g. Let u(n) = -9*n. Let l(y) = 12*s(y) - 4*u(y). Determine l(w).
-24
Let r(n) = -2*n**2 - 6*n - 5. Let b = 16 - 4. Suppose -7*q - 40 = -b*q. Suppose -q + 0 = 2*k. What is r(k)?
-13
Let m(u) = 6*u + 69. Let f be m(-11). Let y(s) be the first derivative of -s**4/4 + s**3 - 2*s**2 + 3*s - 1. Give y(f).
-9
Let q be (-4 - -3) + (33 - 35). Let s(b) = -b**2 - 4*b + 2. What is s(q)?
5
Let f(z) = z**3 - 7*z**2 + 10*z + 3. Let g be f(5). Let u(h) be the first derivative of h**3 - 2*h**2 - h + 3. Calculate u(g).
14
Let t be 0/4 - (5 + -1). Let r = 5 + t. Let p(i) = -2 + 3*i + 3 - 2. Give p(r).
2
Suppose 0 = j + 1 - 2. Let v(f) = j + 38*f - 20*f - 22*f. Calculate v(1).
-3
Let a(l) = l**3 - 15*l**2 + 15*l - 7. Let g be a(14). Let n(c) = -c - 4 - g + 15 - 7. Let p(q) = q - 1. Let z be p(-5). Determine n(z).
3
Let b(f) = -f**3 - 15*f**2 + 2. Let q be b(-15). Let c(g) = 5 + 13*g**2 - 121*g**3 + 122*g**3 + 12*g + 7*g**q - 7*g**2. What is c(-12)?
5
Let w(j) = -4 - 2*j**2 + 2*j + 6*j + 3*j**2. Suppose 91*f + 593 = -135. Determine w(f).
-4
Let m(a) = -a**2 + 4*a + 10. Let w be m(6). Let n(r) be the first derivative of 4*r**2 + 2*r + 196. Give n(w).
-14
Let a(b) = 4 + 1 - b**2 + 2 + 4 - 101*b + 110*b. What is a(11)?
-11
Let s(o) be the second derivative of -o**6/180 + o**5/60 + o**4/24 - o**3 - 7*o. Let l(d) be the second derivative of s(d). Calculate l(-1).
-3
Let q = 1 - -1. Suppose q*t + 12 = -2*x, -2*t + 2*x = -x - 3. Let y(o) = -3*o + 5*o**2 + o**3 - 4*o**2 + 0*o**3 + 3. Calculate y(t).
-6
Let k(g) = 235*g + 2 - 460*g + 238*g. Calculate k(-2).
-24
Let r be (-5 + 10)/((-10)/(-4)). Suppose 8 = -r*i + i - 4*j, i + 2 = -2*j. Let q(h) = -h**2 + 2 + 2 + 0. Determine q(i).
-12
Let g(s) = 2*s - 36. Let o(p) = -p**2 + 45*p + 17. Let l be o(45). What is g(l)?
-2
Let b(g) be the third derivative of g**5/60 - g**4/24 - g**3/6 - 223*g**2. What is b(-1)?
1
Let b(k) be the second derivative of 7/6*k**3 - 1/12*k**4 + 3/2*k**2 - 4*k + 0. Suppose -3*z + z + 18 = -n, -3*z = 3*n - 9. Calculate b(z).
3
Let p(n) be the first derivative of n**3/3 - 5*n**2 + 2*n - 297. What is p(11)?
13
Let c(h) = 4*h. Let t(f) = -25*f - 110. Let x(i) = -5*c(i) - t(i). Calculate x(-22).
0
Let y(i) = -i**2 + 2*i + 18. Suppose z = -4*k - 10, 4*z = 6*z + 3*k. Let n be y(z). Let q(v) = -v**2 - 4*v + 5. What is q(n)?
-7
Let w = -1361 + 1359. Let i(f) = f**2 - 3. Determine i(w).
1
Let m(q) be the third derivative of -q**5/60 - 7*q**4/24 - q**3 - 2*q**2. Let n be -12 - ((-240)/50 + 2/(-10)). Give m(n).
-6
Let f(x) = -3*x. Let b(z) = -4*z + 1. Let r(a) = -4*b(a) + 6*f(a). What is r(-9)?
14
Let t(p) = -p**3 - 10*p**2 - 8*p - 1. Suppose -4*q + 4 = 5*u, -5*u - q + 40 = -6*q. Suppose -u - 5 = r. What is t(r)?
-10
Let m(p) = -p**3 - p**2 - p. Suppose 6*q = 5*q. Suppose 0 = -q*h + 4*h - 4. Let i(o) = -3*o**3 + 6*o**2 + 7*o - 1. Let u(t) = h*i(t) + 6*m(t). Give u(1).
-9
Let l(m) = -m + 1. Let n(b) = -5*b**2 + 2 - 14*b**3 - 6*b - 4*b**3 + 30*b**3 - 11*b**3. Let d be n(6). What is l(d)?
-1
Let w(a) = a**2 + 6*a. Suppose -7*f + 2*f - 770 = 0. Let u be f/56 - (-1)/(-4). Determine w(u).
-9
Let n(l) = -l**2 + 5*l - 1. Let d be n(4). Suppose 96 = d*w - 6. Let a = -30 + w. Let u(i) = -i**2 + 2*i + 5. What is u(a)?
-3
Let f(u) = u**3 - 1. Let w be f(1). Let b(d) = d**2 - 7*d + 18. Let z(p) = p**2 - 6*p + 16. Let c(y) = -5*b(y) + 6*z(y). Calculate c(w).
6
Let z = -75 - -80. Suppose z*p + s - 27 = -3*s, -4*p + 22 = 3*s. Let o(h) = -h**2 + 9*h - 1. Calculate o(p).
13
Suppose -5*h - 10 = 0, 0*f + 3*h + 33 = 3*f. Let j(y) = -2*y + 18. Let t(z) = 2*z - 15. Let u(v) = 6*j(v) + 7*t(v). Give u(f).
21
Let y be (1 - (-30)/20)/(2/(-4)). Let t(u) = 6*u + 6. Give t(y).
-24
Let o = -19 - -34. Suppose o = 4*x - x. Suppose 47 = 4*d + 3*h, -2*d + x*h + 15 = 3*d. Let b(t) = t**3 - 7*t**2 - 7*t - 8. What is b(d)?
0
Let m(n) be the second derivative of -n**6/360 - n**5/40 - n**4/12 - n. Let y(g) be the third derivative of m(g). Let r be 1 + -2 + -3 - (-6)/3. Give y(r).
1
Let b(g) = -g**2. Let d(c) = c**2 + 6*c + 3. Let y(z) = 2*b(z) + d(z). Let s be 221/51 - ((-17)/12 - (-12)/16). Calculate y(s).
8
Let 